o(j) = 15*j. Let s(b) = -8*k(b) + 5*o(b). Give s(a).
3
Let l(j) = -j**2 + j + 22. Let f be l(5). Suppose 0 = -6*w + f*w - 5*k - 35, 0 = -3*w - k - 18. Let b(m) = -m - 4. Give b(w).
1
Let v(h) = -h + 2. Suppose -3*m + 318 = -d, -5*d = -4*m + 222 + 202. Let b = m + -101. Give v(b).
-3
Let j(n) = n**3 - 4*n**2 - 2*n + 2. Let s(c) = 1 - 5 + 6 - 4 + c - 6*c. Let f = 2 - 3. Let y be s(f). Give j(y).
-13
Let y(k) = 4*k**2 + 2*k + 6. Let u(j) = j**2 + 1. Suppose 0*g - 2*g = 2*c + 8, 0 = -5*c - 2*g - 23. Let t(r) = c*u(r) + y(r). Calculate t(-1).
-2
Let h(f) = 2*f**2 - 16*f + 40. Let s(b) = b**2 - 8*b + 21. Let t(u) = 6*h(u) - 11*s(u). What is t(6)?
-3
Let k(p) = -p**3 - p**2 - 13. Let u = -85 + 138. Suppose -13 = 2*c - u. Let q = c - 20. What is k(q)?
-13
Let n(x) = x**3 - 7*x + 5. Let c(d) = -d + 1. Let g(a) = -5*c(a) + n(a). Suppose 0*v + 3*v - 1 = -5*z, 2*v - 6 = 2*z. Calculate g(v).
4
Suppose x + 0*x - 3 = c, 0 = 2*c - 4. Let r(w) = -x*w**2 + w + w + 0*w + 4*w**2 + 5. What is r(4)?
-3
Let y(c) = 2*c**2 - 6*c - 6. Let r be y(8). Let b = 76 - r. Let n(u) = u**3 - u**2 - u - 1. Give n(b).
1
Let m(f) = f. Let c(k) = -3*k. Let y(a) = -a**3 - 8*a**2 + a + 14. Let i be y(-8). Let v be 3*2/i*-5. Let z(x) = v*m(x) - 2*c(x). Give z(4).
4
Suppose 5*r + 4*q = 21, 0 = 4*q + q - 20. Let m be (-1)/r*0/3. Suppose m = 5*p + j + 5, -3*j + 5 = 2*p - 6. Let z(f) = 2*f**3 + 4*f**2 + 3*f + 2. What is z(p)?
-4
Suppose -d + 3*d = 4. Let m(r) = 0 + r - 2*r - 1 + d. Let i be ((-70)/(-28))/((-2)/4). Calculate m(i).
6
Suppose 0 = -5*u + u + 40. Let y(i) = -u*i**2 + 2 - 1 - 2*i + 13*i**2. Give y(1).
2
Let z(v) = -2*v + 5. Suppose 17*x + 30 = 98. Determine z(x).
-3
Let i(f) = -6*f - 41. Suppose -49 = 24*d + 119. Determine i(d).
1
Let h be (-4 + 2)/(1 - 0). Let o(b) be the third derivative of -b**6/120 - b**5/30 - b**4/8 - b**3/2 + 44*b**2. Determine o(h).
3
Let c(u) = 4*u**2 - 12*u + 2. Let d(y) = -3*y**2 + 11*y - 1. Let m(i) = -2*c(i) - 3*d(i). Give m(8).
-9
Let o(d) be the first derivative of d**2 - 7*d + 13. Calculate o(-3).
-13
Suppose -2*v = -22 + 18. Suppose 4 + 4 = v*h. Let c(b) = b**2 - 7*b + 4. Calculate c(h).
-8
Let l(p) = -2*p + 3. Let h(d) = -6*d + 8. Let y(f) = -2*h(f) + 5*l(f). What is y(-2)?
-5
Let y(o) be the second derivative of -o**7/840 + o**6/360 - o**5/120 - 17*o**4/24 - 5*o**3/3 + 25*o. Let s(p) be the second derivative of y(p). What is s(0)?
-17
Let x = 19 + -25. Let k = 4 - 14. Let n = k - x. Let b(l) = l**3 + 3*l**2 - 6*l - 6. Determine b(n).
2
Let y(f) = f**3 - 25*f**2 + 44*f + 41. Let c be (3/(-2))/(3/(-46)). What is y(c)?
-5
Let b(j) = -j**2 + 2. Let x = -4 - 40. Let o be 121/x + (-1)/4. Determine b(o).
-7
Let k(g) = -g**3 - 7*g**2 - 7*g - 4. Let t be (-578)/136 + 2/8. Determine k(t).
-24
Let x be (-7)/9 + (-4)/18. Let f = -6 + 8. Let y(j) = -29*j**f + 3 + 20*j**2 - 3. Determine y(x).
-9
Suppose 2*f = 2*h, -3*f = 2*h + 3*h. Let y = 2 - f. Let t(d) = 2 - 1 - y*d + 3*d + d - 4*d**2 + 2*d**3. Determine t(2).
5
Let l(d) = -1 - 5*d - d**2 - d**2 + d**2. Suppose -20*r - 69 - 11 = 0. What is l(r)?
3
Let c(p) = -p**3 - 2*p**2 - 3*p. Let f(i) be the third derivative of 1/6*i**4 + 0*i + 9*i**2 + 2/3*i**3 + 0 - 1/30*i**5. Let g be f(3). Give c(g).
6
Let x(l) = -12 + 626*l - 640*l + 10. Determine x(3).
-44
Let z(k) be the second derivative of -k**4/12 + 2*k**3/3 - k**2 - 42*k - 2. What is z(4)?
-2
Let x(a) be the second derivative of a**3/6 + a**2 + 2*a. Let z be (12/(-11))/(4/(-22)). Determine x(z).
8
Suppose 0 = -3*o - g + 1, o - 1 = -3*g - 6. Let n(c) = -4 + o - 10*c - 11*c + 19*c. What is n(3)?
-9
Let b(l) be the first derivative of l**3/3 + 9*l**2/2 + 3*l - 62. Determine b(-8).
-5
Let j(x) = -x**3 - 6*x**2 - x + 7. Let a = 200 + -205. Give j(a).
-13
Let b(j) = -j**3 - 7*j**2 - 6*j + 2. Let t be b(-6). Let q(c) = -24 + 29 - 2*c**2 + c**t - 4*c. What is q(-5)?
0
Let l(u) = 2*u**3 + 3*u**2 + 7*u - 1. Let p(r) = 2*r**2 + 1. Let y be p(2). Let z(h) = h**3 + 2*h**2 + 3*h - 1. Let c(v) = y*z(v) - 4*l(v). Give c(-6).
1
Let q(u) be the second derivative of -u**4/4 - u**3/6 - 13*u**2/2 + 18*u. Let s(n) be the first derivative of q(n). Give s(-1).
5
Let d(g) = -g**2 + 4*g + 6. Let p(i) = i**2 - 3*i - 5. Let z(s) = -3*d(s) - 4*p(s). Determine z(3).
-7
Let l(c) be the second derivative of 2/3*c**3 + 0 - 23*c + 1/12*c**4 + 1/2*c**2. Determine l(-3).
-2
Suppose -q - 2*j + 6 + 5 = 0, 0 = 2*q - 2*j - 10. Let g(n) = n**2 + n**3 + n + q*n**2 - 7*n**2. Let p(b) = -b**2 - 11*b - 10. Let c be p(-10). Give g(c).
0
Let l(c) = 8*c**3 + 11 - 2*c**2 + 9*c - 3*c**2 - 11*c**3 + 0. Let y(m) = -7*m**3 - 9*m**2 + 19*m + 22. Let i(o) = 9*l(o) - 4*y(o). Calculate i(8).
-13
Let m(u) = -u + 4. Suppose -7*n = -2*n - 35. Let x be m(n). Let b(k) = k + 0*k + 6 - 4. Give b(x).
-1
Suppose v = 5*m - 5 - 17, -3*m + 5*v = -22. Suppose m*b - b = 12. Let w(a) = b*a + 4*a**3 + 2*a - 7*a. Calculate w(-1).
-3
Let u(q) be the third derivative of q**4/24 - q**3/2 - 42*q**2. Suppose 13 = -v + 1. Let y = -7 - v. Calculate u(y).
2
Let c be (2 + -1)/(3/84). Let h(i) = c - 28 - 2*i. Determine h(-1).
2
Let x(z) = -z**3 - 6*z**2 - 4*z + 7. Let l(w) = -5*w**2 + w - 1. Let n be l(1). Let f be x(n). Let h(s) = -s**2 - 41*s + 41*s + 2*s**f - 1. Give h(-3).
8
Let y(r) = 10 - 1460*r + 2928*r - 1463*r. What is y(-4)?
-10
Let x(u) = 3*u - 7*u + 2*u - u - 3. What is x(-4)?
9
Let x(c) be the third derivative of -c**5/30 - c**4/6 - 2*c**3/3 + 23*c**2 - 3. What is x(-4)?
-20
Let p(t) be the third derivative of -t**6/720 - t**5/30 - t**4/3 - 12*t**2. Let h(y) be the second derivative of p(y). Determine h(-6).
2
Let c(m) = m**3 + 7*m**2 + m + 3. Let w = 12 - -23. Suppose 0 = -10*z + 5*z - w. Determine c(z).
-4
Let z be (-6)/(-10)*-1*5/(-1). Let p(s) be the first derivative of -s**3/3 + 3*s**2/2 - 2*s + 3. Let h(t) be the first derivative of p(t). What is h(z)?
-3
Let g(f) = -f**3 - 9*f**2 - 3*f - 1. Let m(a) = -3*a**3 - 26*a**2 - 7*a - 3. Let w(k) = -8*g(k) + 3*m(k). What is w(-6)?
-19
Let q(o) = 5*o**2 + 7*o - 1. Let b be (3/2)/(27/36). Let l(p) = b*p**2 - 2 + 4*p**2 + p + 7*p. Let i(h) = 4*l(h) - 5*q(h). Give i(-2).
-1
Let x(k) = -k - 2. Let t be x(0). Suppose 5*f + 3 + 13 = 4*i, -2*f + 12 = 3*i. Let o(j) = 2 + f - 1 - 2*j. What is o(t)?
5
Let r(f) = -17*f + 45. Let x(u) = -6*u + 15. Let q(i) = 4*r(i) - 11*x(i). Determine q(0).
15
Let i(n) = 53*n**2 - n - 5*n - 18*n**2 + 5 - 19*n**2 - 15*n**2. What is i(6)?
5
Let j(x) = -x**2 - 2*x + 5. Suppose 4*k = 147 - 135. Suppose 0 = k*p - 14 - 1, -5*q - 55 = -5*p. What is j(q)?
-19
Let p(z) be the first derivative of 1/20*z**5 - 10 - 1/2*z**3 - 5/2*z**2 - 8*z - 1/4*z**4. Let r(g) be the first derivative of p(g). Give r(4).
-1
Let c(y) = -y**3 + 5*y**2 - 4*y - 2. Let h = 38 + -53. Let m = -13 + 32. Let i = h + m. Determine c(i).
-2
Let v(i) be the third derivative of i**5/60 + i**4/8 - i**3/2 - 3*i**2. Suppose -80 = -6*z + 4*z. Let l = z + -45. Determine v(l).
7
Let t(o) be the third derivative of o**5/20 + 5*o**4/12 + o**3/6 - 1014*o**2. Calculate t(-3).
-2
Let k(j) be the first derivative of -j**5/60 - j**4/12 + 2*j**3/3 - 11*j**2 + 4. Let n(l) be the second derivative of k(l). Give n(-5).
-11
Suppose 0 = -d - 34 + 19. Let v(n) = n**2 + 16*n + 11. Calculate v(d).
-4
Suppose -86*g = -192 - 496. Let f(p) = 7*p + 3. Let d(l) = -10*l - 4. Let h(s) = 5*d(s) + 7*f(s). What is h(g)?
-7
Let o be (-2 - (-9)/3)*6. Let v(i) = -13 + 4*i - o*i + 6. Calculate v(-5).
3
Suppose -5*b + 10*b - 19 = -2*a, 0 = -2*a + 2*b - 2. Suppose -i - 10 = -6*i. Let y(l) = l + l - l**i + a - 5*l. Determine y(-3).
2
Let o be (-15)/(-10)*(4 + 3 + -3). Let b(i) be the second derivative of 0 - 3*i**2 + 1/6*i**3 + i. What is b(o)?
0
Let x(g) = -g**2 + 6*g + 4. Let l(b) = -2*b - 6 - 5*b + b**2 + 3*b. Let j be l(6). What is x(j)?
4
Suppose 6*a + 3833 = 3875. Let y(u) = -u**3 + 7*u**2 + u - 4. Calculate y(a).
3
Suppose 3*p = -4 - 5. Let a(y) = y**3 + 5*y**2 + 3*y - 1. Let h be a(-4). Let n(g) = h*g**3 - 3*g**3 + g**3 + 3*g**2. Calculate n(p).
0
Let w be (-39)/(-9) - (-2)/3. Let n be -3*-4*w/(-20). Let r(l) = l**3 + l**2 - 2. Calculate r(n).
-20
Let i(f) = f - 1. Let h(n) = n**2 + 4*n + 10. Let x be h(-4). Let u be (15/x)/((-2)/8). Give i(u).
-7
Let g(l) = -l - 6. Let d be g(-9). Suppose 5 - d = -2*h. Let y(n) = 2*n**3 +